46?
7
What is the thousands digit of 344308329?
8
What is the ten thousands digit of 248772880?
7
What is the ten thousands digit of 645760974?
6
What is the thousands digit of 17144771?
4
What is the units digit of 258485801?
1
What is the ten millions digit of 29702737?
2
What is the ten millions digit of 81959864?
8
What is the units digit of 49427880?
0
What is the hundred thousands digit of 437683785?
6
What is the millions digit of 44851160?
4
What is the hundred thousands digit of 2806948064?
9
What is the tens digit of 1895388101?
0
What is the millions digit of 81932522?
1
What is the tens digit of 24246061?
6
What is the millions digit of 345199454?
5
What is the thousands digit of 386247073?
7
What is the hundreds digit of 2579666248?
2
What is the hundreds digit of 1050492342?
3
What is the thousands digit of 72023744?
3
What is the hundred thousands digit of 2116889228?
8
What is the hundreds digit of 72752579?
5
What is the hundreds digit of 6111644700?
7
What is the thousands digit of 175041557?
1
What is the tens digit of 26649967?
6
What is the hundred millions digit of 661624325?
6
What is the thousands digit of 48271351?
1
What is the hundred millions digit of 198232788?
1
What is the tens digit of 290400198?
9
What is the thousands digit of 547639596?
9
What is the thousands digit of 17182004?
2
What is the ten thousands digit of 2504101055?
0
What is the thousands digit of 40133461?
3
What is the hundreds digit of 13366556?
5
What is the tens digit of 426380464?
6
What is the hundred millions digit of 195143419?
1
What is the ten thousands digit of 42801639?
0
What is the millions digit of 2384557384?
4
What is the millions digit of 63848966?
3
What is the hundreds digit of 201403502?
5
What is the hundreds digit of 1548658087?
0
What is the millions digit of 593798428?
3
What is the millions digit of 622414378?
2
What is the hundreds digit of 868672514?
5
What is the ten millions digit of 4183691163?
8
What is the millions digit of 1256535278?
6
What is the hundreds digit of 596695657?
6
What is the hundred thousands digit of 363052180?
0
What is the hundred thousands digit of 2380945175?
9
What is the units digit of 849184622?
2
What is the billions digit of 3775783114?
3
What is the ten thousands digit of 22135327?
3
What is the tens digit of 173381883?
8
What is the hundred millions digit of 131510865?
1
What is the hundreds digit of 4535233392?
3
What is the thousands digit of 1530815505?
5
What is the ten millions digit of 8564744332?
6
What is the units digit of 13797125?
5
What is the hundred thousands digit of 108275200?
2
What is the thousands digit of 30582902?
2
What is the hundred thousands digit of 775497580?
4
What is the ten millions digit of 10707483?
1
What is the billions digit of 2169680277?
2
What is the millions digit of 4486175119?
6
What is the hundreds digit of 148026481?
4
What is the hundred millions digit of 420572872?
4
What is the thousands digit of 520064177?
4
What is the units digit of 250129155?
5
What is the ten thousands digit of 1101876043?
7
What is the hundreds digit of 6321241162?
1
What is the hundred thousands digit of 1870341?
8
What is the thousands digit of 5918539?
8
What is the millions digit of 152917355?
2
What is the units digit of 30413404?
4
What is the tens digit of 702904425?
2
What is the millions digit of 829531797?
9
What is the hundreds digit of 2893312253?
2
What is the ten millions digit of 519880624?
1
What is the units digit of 108926076?
6
What is the hundreds digit of 191585254?
2
What is the tens digit of 6734588?
8
What is the hundred thousands digit of 298833592?
8
What is the hundred thousands digit of 1292436792?
4
What is the units digit of 2503669374?
4
What is the millions digit of 69111168?
9
What is the thousands digit of 73774471?
4
What is the hundred thousands digit of 1160234886?
2
What is the hundred thousands digit of 1322958505?
9
What is the ten thousands digit of 288038091?
3
What is the hundreds digit of 51135522?
5
What is the thousands digit of 65033232?
3
What is the ten millions digit of 44667882?
4
What is the ten thousands digit of 4191955641?
5
What is the ten millions digit of 29485710?
2
What is the millions digit of 404307580?
4
What is the ten millions digit of 1426485075?
2
What is the thousands digit of 50750511?
0
What is the ten thousands digit of 489522274?
2
What is the hundred thousands digit of 84896412?
8
What is the ten millions digit of 7004779760?
0
What is the thousands digit of 137144715?
4
What is the thousands digit of 5901390486?
0
What is the millions digit of 209377933?
9
What is the hundred thousands digit of 2093354065?
3
What is the hundred thousands digit of 709977814?
9
What is the ten millions digit of 976763105?
7
What is the ten thousands digit of 1135795163?
9
What is the hundred thousands digit of 130036954?
0
What is the ten millions digit of 1528261730?
2
What is the thousands digit of 5951761386?
1
What is the ten thousands digit of 1537902551?
0
What is the ten millions digit of 653990057?
5
What is the ten thousands digit of 779986933?
8
What is the hundred millions digit of 1113651194?
1
What is the ten millions digit of 323665608?
2
What is the tens digit of 116277095?
9
What is the hundreds digit of 31187907?
9
What is the hundreds digit of 331290073?
0
What is the units digit of 2428264247?
7
What is the hundred millions digit of 197807543?
1
What is the tens digit of 93328954?
5
What is the thousands digit of 6384813?
4
What is the hundred millions digit of 310703500?
3
What is the ten millions digit of 86853452?
8
What is the thousands digit of 457729781?
9
What is the hundred thousands digit of 350381108?
3
What is the units digit of 233304732?
2
What is the hundred thousands digit of 58560875?
5
What is the hundred millions digit of 523411782?
5
What is the ten thousands digit of 3136041119?
4
What is the ten millions digit of 5872861981?
7
What is the thousands digit of 1044876755?
6
What is the tens digit of 305007787?
8
What is the units digit of 34675007?
7
What is the hundreds digit of 1002631653?
6
What is the hundred thousands digit of 2261022475?
0
What is the units digit of 61755974?
4
What is the hundred thousands digit of 307604754?
6
What is the tens digit of 9073220?
2
What is the hundred millions digit of 115638131?
1
What is the ten thousands digit of 276814415?
1
What is the thousands digit of 86324862?
4
What is the hundred thousands digit of 101835909?
8
What is the millions digit of 145163870?
5
What is the hundreds digit of 126618997?
9
What is the ten millions digit of 417444006?
1
What is the ten thousands digit of 3700757450?
5
What is the hundreds digit of 55793788?
7
What is the tens digit of 79166878?
7
What is the ten thousands digit of 32535224?
3
What is the millions digit of 53359058?
3
What is the hundred thousands digit of 90298814?
2
What is the thousands digit of 12744986?
4
What is the hundred millions digit of 156366904?
1
What is the hundreds digit of 2426498796?
7
What is the thousands digit of 103451991?
1
What is the tens digit of 1182306338?
3
What is the thousands digit of 1926152073?
2
What is the units digit of 334793013?
3
What is the thousands digit of 32741044?
1
What is the tens digit of 124773321?
2
What is the millions digit of 98121108?
8
What is the hundreds digit of 30675394?
3
What is the tens digit of 2897567370?
7
What is the millions digit of 1387750820?
7
What is the ten millions digit of 808423253?
0
What is the thousands digit of 267777596?
7
What is the millions digit of 287294919?
7
What is the tens digit of 65258935?
3
What is the tens digit of 1029683604?
0
What is the hundred thousands digit of 33305289?
3
What is the thousands digit of 112969745?
9
What is the units digit of 3923261951?
1
What is the ten thousands digit of 76021081?
2
What is the ten millions digit of 157091923?
5
What is the tens digit of 2227775390?
9
What is the ten millions digit of 2041556887?
4
What is the millions digit of 1312055903?
2
What is the millions digit of 174670683?
4
What is the units digit of 410581295?
5
What is the hundred thousands digit of 88908603?
9
What is the tens digit of 964942889?
8
What is the thousands digit of 13657348